se 15, what is -b4 + 7015?
6e51
In base 8, what is 304003 - -3027?
307032
In base 5, what is 32334103 - -213?
32334321
In base 8, what is 37047140 - -10?
37047150
In base 5, what is -402114340013 + 2?
-402114340011
In base 4, what is 11 - -1033101003102?
1033101003113
In base 3, what is -1001200022 - 120011?
-1002020110
In base 10, what is -7316457 - -2?
-7316455
In base 9, what is 2182 + 7286?
10478
In base 10, what is 214164 - 245?
213919
In base 8, what is -2 - 22347343?
-22347345
In base 10, what is 2442930 - 1?
2442929
In base 2, what is 101000010100111010110 + 11?
101000010100111011001
In base 11, what is 2 + -22043969?
-22043967
In base 4, what is -103313121 - 120310?
-110100031
In base 16, what is -3 + -5539a9?
-5539ac
In base 9, what is 3403042 + -2?
3403040
In base 6, what is -4 + 4231053005?
4231053001
In base 4, what is -113020331320 + -2?
-113020331322
In base 11, what is -87 + -13a5860?
-13a5937
In base 12, what is -639 + b245?
a808
In base 16, what is -c + -2e2793?
-2e279f
In base 10, what is -2666623 - 9?
-2666632
In base 11, what is 20 - 3152114?
-31520a4
In base 4, what is -102323001 + -1013123?
-110002130
In base 5, what is 13 + 43221212114?
43221212132
In base 16, what is -21 + -45768?
-45789
In base 7, what is -21606 + -43361?
-65300
In base 9, what is -16670 - 288?
-17068
In base 5, what is 10040142 + 3324?
10044021
In base 16, what is 8e874f - -2?
8e8751
In base 12, what is 583441b + 1?
5834420
In base 13, what is 5b35 + 105ba?
16422
In base 11, what is -19383647 - 5?
-19383651
In base 9, what is 1508456728 + -4?
1508456724
In base 2, what is 11 + 100001010001111010?
100001010001111101
In base 15, what is -5 - 5d813b0?
-5d813b5
In base 3, what is 1002002202012121 + -1122?
1002002202010222
In base 4, what is -3 + 112223310302?
112223310233
In base 2, what is -111001101100 - 10000000111110?
-10111010101010
In base 10, what is 224901012 + 4?
224901016
In base 8, what is 2142 + -417247?
-415105
In base 10, what is -5582521 - -37?
-5582484
In base 16, what is c58396 - 5?
c58391
In base 10, what is 9173265 - 21?
9173244
In base 13, what is 860a53 + 64?
860ab7
In base 8, what is 4101 - 26654?
-22553
In base 10, what is 5670482 - -3?
5670485
In base 11, what is -2aa61 + 3459?
-27603
In base 16, what is -25 + -83e65?
-83e8a
In base 9, what is 847712 - -106?
847818
In base 16, what is -481a7 - -8e?
-48119
In base 5, what is 444 + -2014303?
-2013304
In base 3, what is 10010212100111201 + 12?
10010212100111220
In base 11, what is a8374 + 111?
a8485
In base 7, what is -6560430362 + 4?
-6560430355
In base 12, what is -1953937 + -4?
-195393b
In base 4, what is -3 - -101000132121?
101000132112
In base 5, what is 322202444102 - 1?
322202444101
In base 14, what is -30 - 209766?
-209796
In base 8, what is 233 + -5602403?
-5602150
In base 4, what is 3222120133 - -3113?
3222123312
In base 15, what is -3704c67 - -2a?
-3704c3c
In base 5, what is 42 + -33314?
-33222
In base 5, what is 440 - -144112040?
144113030
In base 9, what is 17126 - -4872?
23108
In base 14, what is -693338a - 1?
-693338b
In base 4, what is -12210311 + -11012?
-12221323
In base 13, what is -564b - 36c?
-59ba
In base 15, what is -1458 + 3c9?
-107e
In base 12, what is 25 + -8801?
-8798
In base 12, what is 4 - 7184818?
-7184814
In base 10, what is -15 + -1966376?
-1966391
In base 13, what is -770a03 - 4?
-770a07
In base 14, what is -559 + 67c72?
67717
In base 7, what is 2555 + -4612200?
-4606312
In base 8, what is -3001 - -1041177?
1036176
In base 14, what is -b67928b - 3?
-b679290
In base 16, what is 2 - -1d0f00?
1d0f02
In base 9, what is -17183260 - 7?
-17183267
In base 7, what is 11542 - 2353?
6156
In base 14, what is 2 + -ccd33b4?
-ccd33b2
In base 16, what is -6 + -cb124?
-cb12a
In base 16, what is -3 - 12f3d8c?
-12f3d8f
In base 7, what is 15 - -244215624?
244215642
In base 13, what is 3b + 6801b8?
680226
In base 3, what is 22 + 22220222200001?
22220222200100
In base 15, what is -33348 + -c?
-33355
In base 3, what is 10002121022 - -10210?
10002202002
In base 12, what is -333177 - 283?
-33343a
In base 12, what is -5896415 + -4?
-5896419
In base 14, what is 2aa3b27 + 4?
2aa3b2b
In base 6, what is -2 + 144154?
144152
In base 2, what is -101000000100010000001011011 + -1?
-101000000100010000001011100
In base 10, what is -160517513 - 0?
-160517513
In base 6, what is -1514 - -5121225?
5115311
In base 11, what is 403774a81 - -1?
403774a82
In base 16, what is a728f - 104?
a718b
In base 16, what is -30d + -46a3?
-49b0
In base 10, what is -863087 - -92?
-862995
In base 2, what is -100110 + -1111000001011?
-1111000110001
In base 14, what is -664055 + -13?
-664068
In base 2, what is 111010011110 + 101000000000?
1100010011110
In base 16, what is 0 + -1fc1b7e?
-1fc1b7e
In base 8, what is 4467 - 25270?
-20601
In base 5, what is -103311333320 - 20?
-103311333340
In base 10, what is -122885 - 36?
-122921
In base 9, what is -120654318 - -6?
-120654312
In base 13, what is 7b - 1153897?
-1153819
In base 12, what is 482a75 + 62?
482b17
In base 11, what is -210 - -5570a?
554aa
In base 8, what is 35167600 + -10?
35167570
In base 15, what is -b1d - -20c5?
14a7
In base 2, what is 110100101100110000110100100 + 101?
110100101100110000110101001
In base 3, what is 2 + 1010102210100112?
1010102210100121
In base 11, what is 2132303 - -6?
2132309
In base 2, what is -1000111001101110101 + -110010111?
-1000111010100001100
In base 4, what is 10001300321 - 111?
10001300210
In base 2, what is 11001000100 + 1011011111011?
1110100111111
In base 5, what is -214 + 1403431200?
1403430431
In base 6, what is -30455 - 1450231?
-1521130
In base 6, what is -1030440054 - -244?
-1030435410
In base 4, what is 111110112 + 1?
111110113
In base 12, what is -715a8 - -14a8?
-70100
In base 12, what is -191171 + 287?
-190aa6
In base 15, what is 3 - 24c0003?
-24c0000
In base 8, what is -10217535 - 344?
-10220101
In base 8, what is -270 + -22174?
-22464
In base 4, what is 301230212033 - 3?
301230212030
In base 10, what is -37 + -685313?
-685350
In base 9, what is -78803321 + 7?
-78803313
In base 2, what is -11 - -10000110000111100001000100?
10000110000111100001000001
In base 6, what is -451 + -2531421?
-2532312
In base 3, what is -10210102 + -10021200101?
-10102110210
In base 3, what is -2210100201 - -1201012?
-2201122112
In base 5, what is 140012 - 1023133?
-333121
In base 4, what is 222100203013 + 11?
222100203030
In base 6, what is 2 - -220352443?
220352445
In base 11, what is -32 + -370568a?
-3705711
In base 6, what is 1032 + 25354?
30430
In base 6, what is -14 - -232122543?
232122525
In base 4, what is -322120123000 + -3?
-322120123003
In base 16, what is -dbb0 + -4c2a?
-127da
In base 8, what is 4435 + 1052?
5507
In base 7, what is 15415 + 522515?
541233
In base 2, what is -1110 - -111111000000101101110?
111111000000101100000
In base 4, what is 210330311023 + -13?
210330311010
In base 4, what is 321 - 303111?
-302130
In base 7, what is -2 + -35263411?
-35263413
In base 11, what is -4a7 - 67a2?
-7199
In base 6, what is -30501142304 - -2?
-30501142302
In base 8, what is 3 + 60522173?
60522176
In base 8, what is 135502 - 1125?
134355
In base 14, what is abc8 - -13c8?
c1b2
In base 4, what is 120232021303303 + -10?
120232021303233
In base 8, what is -143 - 451564?
-451727
In base 5, what is 4231013 + -111233?
4114230
In base 4, what is -220301 - 121130?
-1002031
In base 11, what is -18a7 - -6030?
4234
In base 15, what is 3 - 16955919?
-16955916
In base 14, what is c865 - 2121?
a744
In base 6, what is 115 + -41534002?
-41533443
In base 12, what is 55a + -672?
-114
In base 5, what is -11032212332 + 1?
-11032212331
In base 4, what is 132122231221 + 0?
132122231221
In base 7, what is -105121256 + 0?
-105121256
In base 8, what is 132677 + -6407?
124270
In base 6, what is -2002022 - 5024?
-2011050
In base 10, what is -1463 - -2826?
1363
In base 16, what is -35 - 2bf9?
-2c2e
In base 11, what is -8 - 25a0084?
-25a0091
In base 16, what is -2 + -1152c0?
-1152c2
In base 3, what is -120200221011111 + 2?
-120200221011102
In base 4, what is 330033130 + 12321?
330112111
In base 12, what is 1724078 + -29?
172404b
In base 15, what is -da + -464d?
-4738
In base 4, what is -2013031 - -31113?
-1321312
In base 12, what is 93a7a03 - 1?
93a7a02
In 